l is divided by (4/5)/(4/10).
0
Let a = -26 - -43. Let n = a + -8. Calculate the remainder when 26 is divided by n.
8
Suppose 6*k - 7*k + 18 = 0. Suppose 2*d + 29 = 5*m - k, -d - 37 = -4*m. What is the remainder when 16 is divided by m?
7
Let k(y) = y + 9. Let b = -4 - -7. Calculate the remainder when k(-2) is divided by b.
1
Suppose l + 25 = p, -l = -4*p - 3*l + 118. Suppose 3*a - p - 29 = 0. Calculate the remainder when 37 is divided by a.
18
Let a = -52 + 94. Suppose -a = -4*o + 3*o. What is the remainder when o is divided by 11?
9
Let z(l) = -l**3 - 2*l**2 - 3*l - 3. What is the remainder when z(-4) is divided by 22/3*(42/4)/7?
8
Suppose -3*m + 17 + 1 = 0. Suppose -4*z + 5*h + 108 = 0, 3*h + 12 = m*h. Calculate the remainder when z is divided by 11.
10
Suppose -t = -0*t. Let x = t + 2. Suppose x*w - 5*w = -30. What is the remainder when w is divided by 6?
4
Let j(v) = -v**3 - 7*v**2 - 7*v. Let p(a) be the third derivative of -a**4/24 + 8*a**3/3 + 3*a**2. What is the remainder when p(0) is divided by j(-6)?
4
Let l = 154 - 138. What is the remainder when 46 is divided by l?
14
Suppose 5*i - i = 160. What is the remainder when i is divided by 14?
12
Let n(s) = s**3 + 7*s**2 - 9*s - 6. Let x be n(-8). Let r be x/(-9) - 7161/(-27). Suppose 4*p = 9*p - r. Calculate the remainder when p is divided by 18.
17
Suppose -188 = -3*y + 7. Suppose 0*s = -5*s + y. Calculate the remainder when 38 is divided by s.
12
Suppose 5*t = 10, 2*f - 26 - 32 = -4*t. Suppose 3*h = 2*h + f. What is the remainder when 18 is divided by 20/h*25/2?
8
Suppose 3*m - 10 = 68. Let w = -53 + 108. Let c = w - 5. What is the remainder when c is divided by m?
24
Let t = -49 - -51. Calculate the remainder when 5 is divided by t.
1
Suppose -7*q + 64 + 48 = 0. Calculate the remainder when 29 is divided by q.
13
Calculate the remainder when -2 - -4 - -37 - 2 is divided by 13.
11
Let a = 236 - 204. What is the remainder when a is divided by 2/(-8) - (-138)/8?
15
Let v(z) be the third derivative of -z**4/24 - 5*z**3/3 - z**2. Let y be v(-9). What is the remainder when 16 is divided by 19/2 - y/(-2)?
7
Let j(f) = -2*f - 1. Suppose z = -z + 8. Calculate the remainder when 3 - z/((-4)/23) is divided by j(-5).
8
Suppose 0 = -2*o + 5*v + 11, 5*o - 19 = 5*v + 31. Calculate the remainder when o is divided by 4.
1
Let y(p) = -5*p**2 - 29*p + 23. Let k(h) = 2*h**2 + 10*h - 8. Let l(w) = 8*k(w) + 3*y(w). What is the remainder when 2/(-4) - 17/(-2) is divided by l(7)?
3
Let u(h) be the first derivative of 4*h**3/3 + h**2/2 - 2*h - 1. Calculate the remainder when 1/4 + (-524)/(-16) is divided by u(-2).
9
Suppose -5*o = 15, -3*r - 2*o = -5*o - 363. Suppose -x - x = -r. What is the remainder when x is divided by 20?
19
Suppose -123 - 24 = -3*h. What is the remainder when h is divided by 13?
10
Let r = -11 + 14. What is the remainder when 5 is divided by r?
2
Suppose g - 3*r = -2*g + 33, -3*g = 2*r - 48. What is the remainder when g is divided by -1*((-6)/3 + -3)?
4
Suppose -5 + 8 = x. What is the remainder when x is divided by 1?
0
Suppose 0*b - 20 = -5*b. Suppose -4*k = 4*s - 36, -b*k + 5*s + 72 = -0*s. What is the remainder when -1 - 6/(-2) - -36 is divided by k?
12
Let f(c) = -7*c + 2. Calculate the remainder when 28 is divided by f(-2).
12
Suppose -3*o = a - 62, -4*o + 3*a + 51 = -10. What is the remainder when 92 is divided by o?
16
Let i = -158 - -234. Calculate the remainder when i is divided by 13.
11
Let r(n) = n**3 - 3*n**2 - 8*n + 4. Let o = 35 + -8. What is the remainder when o is divided by r(5)?
13
Calculate the remainder when 38 is divided by (-1)/7 - (-78)/7.
5
Let k(t) = -3*t**3 + 4*t**2 + 4*t + 2. Calculate the remainder when k(-3) is divided by 18.
17
Suppose -5*i = v - 1, 4 - 55 = -5*v - 2*i. Let d = 215 - 187. What is the remainder when d is divided by v?
6
Let q(v) = -2*v + 26. What is the remainder when 83 is divided by q(7)?
11
Let y(p) = -p**3 + 12*p**2 - 9*p - 10. Let w be y(11). Suppose -5*o + w = -8. What is the remainder when 13 is divided by o?
1
Suppose 12 = 5*d - 2*d, 0 = -2*h - 4*d - 14. Let l = -9 - h. Calculate the remainder when l is divided by 3.
0
Suppose 0 = 3*a - 2*q - 39, -3*a + 7*a - 29 = -5*q. Let p = 8 + -4. Calculate the remainder when a is divided by p.
3
Let m = -79 - -85. What is the remainder when 21 is divided by m?
3
Let n(i) = i**3 + 7*i**2 - 2*i - 4. Let l be n(-7). Let j be (42/(-5))/((-4)/l). Suppose 0 = -u + j - 6. Calculate the remainder when u is divided by 6.
3
Suppose 4*h = -c + 46, -5*c + 47 - 9 = 4*h. Suppose 0 = -3*z + h - 6. Calculate the remainder when z is divided by 1.
0
Let j = -96 + 100. Calculate the remainder when 98 is divided by j.
2
Let m(x) = -4*x**3 - 1. Calculate the remainder when 78/(-4)*(-6)/9 is divided by m(-1).
1
Suppose 3*n + k - 21 = 3*k, 0 = -3*n + 4*k + 15. What is the remainder when 44 is divided by n?
8
Let v = -1 - -8. Suppose 3*f + 24 = y, 0 = -3*y + 3*f + 63 + 15. What is the remainder when v is divided by (72/y)/((-4)/(-6))?
3
Suppose -2*i - 2*i = -16. Suppose -i*w + 3*u + 4 = 0, 3*u = 2*u. Calculate the remainder when (1*10)/(0 + w) is divided by 4.
2
Let q be (2/6)/(3/72). Calculate the remainder when 3 - 1 - (-296)/q is divided by 14.
11
Suppose u + 4*j = 7, 4*u - 98 = -j - j. Let t be 4/18 + 831/u. Suppose 0 = -3*l - 6, b - 2*l - t = 1. Calculate the remainder when b is divided by 15.
13
Suppose -l + 2*l = 26. Calculate the remainder when l is divided by 14.
12
Let c(m) = 4*m + 7. What is the remainder when 36 is divided by c(3)?
17
Let d = 102 - 98. What is the remainder when 28 is divided by d?
0
Suppose -5*s - 1 = -a + 13, 2*a - 4*s - 16 = 0. What is the remainder when 15 is divided by a?
3
Suppose 0 = -3*f - 3 - 0, 239 = 4*g + f. Suppose -2*s + 2*i + g = 0, 5*i + 41 = 2*s - 13. Calculate the remainder when s is divided by 11.
10
Let n = -460 + 657. Calculate the remainder when n is divided by 20.
17
Suppose 210 = -3*x + 10*x. What is the remainder when x is divided by 11?
8
Suppose 139 = 9*l - 437. What is the remainder when l is divided by 22?
20
Let d be 1/((2/5)/2). Suppose d*p - 40 = 55. What is the remainder when 35 is divided by p?
16
Let m(p) = 22*p - 21. What is the remainder when m(7) is divided by 27?
25
Let k be 6*(5/2)/5. Let y be (-2 + 1)*-1 + -1. Suppose -k*r = -y - 3. Calculate the remainder when r is divided by 1.
0
Suppose -2*c + 7*c - 200 = 0. Calculate the remainder when 36 is divided by ((-26)/8)/((-10)/c).
10
Let l(w) = w - 4. Let u be l(6). Let x be u/(-6) + (-500)/12. Let p = x + 78. Calculate the remainder when p is divided by 19.
17
Let y = -14 + 24. Let r(o) = o + 30. Calculate the remainder when y is divided by r(-24).
4
Let d(w) = -22*w - 21. What is the remainder when d(-8) is divided by 41?
32
Suppose 2*b = 2*m + 7 + 5, 3*b = 5*m + 18. What is the remainder when b is divided by 4?
2
Suppose s = -g - 3*s + 6, 0 = -3*g - 4*s + 2. Let u be g/(-3) - 10/15. Suppose u = -4*p + 16 + 52. What is the remainder when p is divided by 6?
5
Let z = -15 + 10. Let p = -5 - z. Suppose -q - s = -p*s - 42, 4*s = 4. Calculate the remainder when q is divided by 14.
13
Suppose -5*n = -3*u + 22, 5*u + 4*n - 16 = 2*n. What is the remainder when u is divided by 3?
1
Let x = 0 - -9. Calculate the remainder when 43 is divided by x.
7
Suppose -i = 5*r + 2*i + 2, 2*r - 8 = i. Let d be (-6)/10*5*-1. Let f = d + r. Calculate the remainder when 14 is divided by f.
4
Suppose 0 = -3*h + 55 - 1. Let v = -97 - -42. Let d = -4 - v. Calculate the remainder when d is divided by h.
15
Let v = 71 + -46. Calculate the remainder when v is divided by 12*(-1 + (-1)/(16/(-28))).
7
Let l(d) = -d**3 - 6*d**2 + 12*d + 7. Let h be l(-8). Let x = -17 + h. What is the remainder when x is divided by 8?
6
Calculate the remainder when 34 is divided by 1 + 52/6 - 36/54.
7
Suppose n - 6*n + 210 = 0. Calculate the remainder when 124 is divided by n.
40
Suppose 217 = -3*k - 0*x - 5*x, 0 = -2*k + 4*x - 108. Let l = k - -102. What is the remainder when l is divided by 13?
12
What is the remainder when (-70)/(-2 - -1) + (-14 - -14) is divided by 12?
10
Let p(m) = m**3 + 6*m**2 + 4*m + 2. Let h be p(-4). Let w(z) = z**2 + 2*z - 6. Let k be w(-5). What is the remainder when 28 is divided by 38/4 + k/h?
8
Suppose -5*s = 5*h - 160